of m(p)?
6
Let p be ((-12)/(-3))/((-2)/4). Let i be p/10*270/(-12). Suppose -18 = -2*q + i. What is the tens digit of q?
1
Suppose l - z = 8, 2*z = -5*l - 0*z + 12. Suppose l*m - 3*c + 2 + 13 = 0, -2*m = -4*c. What is the tens digit of m/8 + (-501)/(-12)?
4
Let j be (-721)/(-42) + (-3)/18 - 3. What is the units digit of j/(((-68)/(-16) - 4)*2)?
8
Suppose -5*u = 2*a - 10, 3*u + 4*a = 7*u - 8. Suppose -3*c + u*c = -222. What is the hundreds digit of c?
2
Let g(i) = -i**3 - 10*i**2 + 2. Let l be g(-10). Suppose -l*n = 4 - 2. Let d = 10 - n. What is the tens digit of d?
1
Let j be ((-2)/4)/((-6)/96). Let f(q) = 9*q + 6. What is the units digit of f(j)?
8
Let z = 593 - 298. Suppose 2*x = -3*x + z. What is the units digit of x?
9
Suppose 3*a - 15200 = -24*m + 26*m, -2*a - 4*m + 10160 = 0. What is the tens digit of a?
7
Let c = 160 - 89. Let h = c + -64. What is the units digit of h?
7
Let p(a) = -6*a + 378. What is the tens digit of p(-11)?
4
Let i(y) = 5*y**2 + y. Let u be i(-1). Suppose 4*g = -u*m + 8*g + 252, 5*m + 4*g = 270. Let r = m + -18. What is the tens digit of r?
4
Let s(v) = -v**2 + 37*v + 27. What is the hundreds digit of s(27)?
2
Suppose -3 - 117 = 5*l. Let h = 492 + -447. Let v = h + l. What is the tens digit of v?
2
Let c(h) = 11*h - 15. Let d be c(3). What is the tens digit of 24/d*((-117)/(-2) - -3)?
8
Suppose 0 = -2*n - 16 - 446. Let q = n + 351. What is the hundreds digit of q?
1
Suppose 640 = -8*y + 12*y. Let j = 237 - y. What is the units digit of j?
7
Let z(u) = 4*u**2 - 21*u + 58. What is the units digit of z(-11)?
3
Let x(p) = p - 7. Let h(m) = -m + 6. Let y(k) = -7*h(k) - 6*x(k). Let o be y(4). Suppose -i + o - 2 = 0. What is the units digit of i?
2
Suppose -6*q - 70 = 8. Let p(m) = -m**2 - 13*m + 19. Let w be p(q). Suppose -20*u + 11 = -w*u. What is the tens digit of u?
1
Let a(s) = -14*s - 2. Let p be a(-1). Let g = p + 175. What is the units digit of g?
7
Suppose 7*t + 0*t - 413 = 0. Let d = 92 - t. What is the units digit of d?
3
Suppose -5*o - 2 = 2*u, 4*o + 0*u - 3 = 3*u. Let b be (1 + o)/(1/5). Suppose b*d - 35 - 140 = 0. What is the units digit of d?
5
What is the tens digit of (3/2)/(-4 - (-2169)/542)?
1
What is the hundreds digit of 7 + -8 - 52*-19?
9
Let i = 43 - 37. Suppose 0*y = i*y - 444. What is the tens digit of y?
7
Let u = -741 + 1244. What is the units digit of u?
3
Let q(j) = -j - 15. Let p be q(-15). Let k be 6/(-9)*(-6)/2. Suppose p*y = k*y - 48. What is the units digit of y?
4
Suppose 0 = 4*c + 3*f + 53, 5*f = -c - c - 9. Suppose 0 = -5*p + 213 - 58. Let v = p + c. What is the tens digit of v?
1
Let o(z) = z**2 + 8*z + 289. What is the hundreds digit of o(0)?
2
Let d = -4234 + 6732. What is the tens digit of d?
9
Let b(j) = -10*j**3 + 4*j**2 + 5*j + 23. What is the hundreds digit of b(-5)?
3
Let h = 18 + -18. Suppose 10*u + h*u = 760. What is the units digit of u?
6
What is the tens digit of (-5038)/(-10) + 2/10 - -3?
0
Suppose -7*a + 60 = -10. Let q = a + 7. What is the tens digit of q?
1
Let k = -116 - -547. What is the tens digit of k?
3
Let p(z) = -148*z - 86. What is the hundreds digit of p(-8)?
0
What is the tens digit of (-6)/(-4)*(4976/24 - 6)?
0
Let n = -6 + 10. Suppose 0*s = 4*s + 2*o + 28, -3*s - 32 = -n*o. Let u(h) = h**2 + 5*h - 4. What is the tens digit of u(s)?
2
Let s = -2524 + 4098. What is the tens digit of s?
7
Suppose 0 = -10*h + 558 + 33612. What is the tens digit of h?
1
Let f be (-4 - (2 - 3)) + -21. Let y be (-3 + 4 + f)*-3. Suppose 3*c - 2*g = 72, 0*c - 3*c + 3*g + y = 0. What is the tens digit of c?
2
Suppose -23 + 27 = 2*k. Suppose -5*o - h = -k*h - 422, 3*o + 3*h = 246. What is the units digit of o?
4
Let i be (-20)/1*(-32)/5. Suppose 0 = -4*s + 6*s - i. What is the units digit of s?
4
Suppose 0 = -a - 51 - 13. Suppose 6*q + 170 = q. Let l = q - a. What is the tens digit of l?
3
Let s(z) = -16*z - 12. Let p(b) = 5*b**3 + 2*b + 2. Let y be p(-1). What is the tens digit of s(y)?
6
Let x(d) = -d**3 - d**2 + 5*d + 228. What is the hundreds digit of x(0)?
2
Let k(g) = g**3 - 39*g**2 + 33*g + 218. What is the tens digit of k(38)?
2
Let v(n) = -31*n - 35. What is the hundreds digit of v(-30)?
8
Let g(u) be the first derivative of u**4/4 + 10*u**3/3 + 9*u**2/2 - 14*u + 5. What is the tens digit of g(-8)?
4
What is the tens digit of (-61271)/(-119) - 12/(-102)?
1
Let i be (-40)/(-100) + 23/5. Suppose -261 = -2*f - l, -5*f - i*l + 525 = -f. What is the tens digit of f?
3
Let u = 30 + -26. Let r(n) = n**3 - 2*n**2 + 3. What is the tens digit of r(u)?
3
Let p = 9 - 0. What is the units digit of 1050/p + (-4)/(-12)?
7
Let s = -1 - -5. Suppose s*x - 4*o = -9*o + 35, 11 = x + 2*o. Suppose x*z + 15 - 60 = 0. What is the units digit of z?
9
Let g be (((-63)/6)/7)/(1/(-6)). Suppose -2*j + 104 = 4*a, -4*j + 6 = -2. Suppose 10*u - a = g*u. What is the tens digit of u?
2
Let q = -30 + 32. Suppose -q*p + 97 = -21. What is the tens digit of p?
5
Let r = 1626 + 1131. What is the thousands digit of r?
2
Let f be (-17)/(-4) + (-5)/20. Suppose f*i = x + 4*x - 113, -x = 2*i - 17. What is the tens digit of (x/(-9))/((-1)/6)?
1
Let x(k) = -k + 13. Let f be x(9). Let l(r) = r**3 - r**2 - 4*r + 6. What is the units digit of l(f)?
8
Suppose 2*f = -2*f - 16, -5*q + 28 = -2*f. Suppose -q*r + 28 = -104. Suppose s = -v + 27, 3*s - 88 = 5*v + r. What is the tens digit of s?
3
What is the units digit of (-12)/(-3) - (-1871 - 20) - 1?
4
What is the tens digit of (-16 + 14)*(0 + 179)*-2?
1
Let f(b) be the second derivative of b**4/6 - 19*b**3/6 - 31*b**2/2 + 24*b. What is the units digit of f(15)?
4
Let w(h) = 2*h**2 - 7*h - 10. Let j = -68 + 64. What is the units digit of w(j)?
0
Suppose 3*k - 1711 = 4*z, -2*k + 0*k = 3*z - 1118. What is the hundreds digit of k?
5
Suppose 0 = -12*n + 10032 + 192. What is the units digit of n?
2
Suppose -6*c = -11*c + 30. Suppose 2*o = 3*o - 3. Suppose -c = -n - o. What is the units digit of n?
3
Let p = 5 - 1. Suppose p*u - 6 = 10. Suppose u*q + 5*t = 97, 26 = q + t + 2*t. What is the units digit of q?
3
Suppose 0 = -2*f + w + 1128, 3*f - 5*w = -469 + 2154. What is the units digit of f?
5
Let x be (80/12)/(-5)*3. Let h = x - -6. Suppose -2*o + 14 = h*g, -g + 5 = 5*o - 6. What is the units digit of g?
6
Let c = 12 - 9. Suppose -2*f - 123 = -5*f - c*q, -f + 25 = 5*q. What is the units digit of f?
5
Suppose 3*p + 15 = -0*i + 3*i, -4*p - 4 = 4*i. Let b be (9/(-3) - 14) + p. Let s = 25 + b. What is the units digit of s?
5
Let d(u) = u**3 - 3*u**2 + 2*u + 3. Let n be d(4). Let l be ((-7)/(-21))/(3/n). What is the tens digit of (200/(-5))/((-2)/l)?
6
Suppose 10*t - 4128 = 2*t. Suppose -p = -4*p + t. What is the hundreds digit of p?
1
Suppose 3860 - 1452 = 14*s. What is the tens digit of s?
7
Let i(h) = -2*h**3 + h**2 + 3*h - 4. Let a(y) = -y. Let z(u) = -7*u + 3. Let v(o) = -6*a(o) + z(o). Let x be v(6). What is the tens digit of i(x)?
5
Let o(n) = 22*n + 40. What is the units digit of o(2)?
4
Let z = 705 - -327. What is the units digit of z?
2
Let k be 205 - 1 - 4/(-2). Suppose -5*o = -3*g - k, g = -o + 20 - 102. Let a = -36 - g. What is the units digit of a?
1
Let c(m) = -2*m**3 - 4*m**2 - 4*m + 6. Let d = -23 + 18. Let s be c(d). Suppose y - 4*y = -4*p + s, -160 = -4*p - y. What is the tens digit of p?
4
Let d(p) = p - 4 + 10*p + 7*p + 1. What is the tens digit of d(3)?
5
Suppose u + u - 26 = 0. Let f be 2/4*(-52)/26*-41. Let k = f - u. What is the units digit of k?
8
Suppose -37*f = -18*f - 9557. What is the tens digit of f?
0
Let a(g) = -g**3 + 27*g**2 - 8*g + 29. What is the units digit of a(26)?
7
Suppose 0 = -3*o + 4*o. Let d(h) = -2*h**2 + 27. Let y be d(o). Suppose 4*k - 33 - y = 0. What is the units digit of k?
5
Let x = -21 - -24. Suppose -x*s = -2*s + 4. What is the units digit of (-8)/10*10/s?
2
Let i(j) = 20*j - 7. Let a(f) = 30*f - 10. Let y(g) = 5*a(g) - 8*i(g). Let x(o) = o - 1. Let s(m) = 4*x(m) + y(m). What is the units digit of s(-5)?
2
Let n = 268 - 198. What is the tens digit of n?
7
Suppose 14 = 7*s - 0. Suppose -s*l + 178 = -5*t - 164, 708 = 4*l + 2*t. What is the units digit of l?
6
Let x(q) = -16*q + 11. Let d be x(-7). What is the tens digit of (-1 + 3)*d*(-6)/(-18)?
8
Suppose -74 - 171 = -g - 5*l, -g + 5*l = -195. Suppose -5*w + g = 5*o, 37 = w + 5*o - 